{"id":2,"date":"2024-10-04T00:06:56","date_gmt":"2024-10-03T22:06:56","guid":{"rendered":"http:\/\/centrumsturovo.sk\/?page_id=2"},"modified":"2025-09-12T15:41:10","modified_gmt":"2025-09-12T13:41:10","slug":"centrum-sturovo-apartmany-a-studia","status":"publish","type":"page","link":"https:\/\/centrumsturovo.sk\/","title":{"rendered":"Centrum \u0160t\u00farovo &#8211; apartm\u00e1ny a \u0161t\u00fadi\u00e1"},"content":{"rendered":"<div class=\"brz-root__container brz-reset-all brz brz-root__container-page\">\n<section id=\"b760708c1ac85036ba0a_z_u2Te6WPxMM\" class=\"brz-section brz-css-1cfso9a brz-css-zsb93w\">\n<div class=\"brz-section__content brz-section--boxed brz-css-1vjontn brz-css-tul2cy\" data-brz-custom-id=\"y5Ki9xPmqBVD\">\n<div class=\"brz-bg\">\n<div class=\"brz-bg-image\"><\/div>\n<\/div>\n<div class=\"brz-container brz-css-ibo3tv brz-css-1lpipfl\">\n<div class=\"brz-row__container brz-css-1s9natv brz-css-1qk1qrr\" data-brz-custom-id=\"xXMFlV2rdQBM\">\n<div class=\"brz-row brz-css-hk26pz brz-css-111cswi brz-css-j5hdmj\">\n<div class=\"brz-columns brz-css-tk58m9 brz-css-mlbv89\" data-brz-custom-id=\"nBTnhxg2VWIa\">\n<div class=\"brz-column__items brz-css-jczcil brz-css-31l7ku\">\n<div id=\"\" class=\"brz-css-87pr5g brz-css-1hmvw9e brz-wrapper\">\n<div class=\"brz-image brz-css-72cf6v brz-css-18ret1i\" data-brz-custom-id=\"levEl15WtCnB\"><picture class=\"brz-picture brz-d-block brz-p-relative brz-css-8azx7f brz-css-pjxnmp\"><source srcset=\"https:\/\/centrumsturovo.sk\/wp-content\/uploads\/2025\/07\/centrum-logo.png 1x, https:\/\/centrumsturovo.sk\/wp-content\/uploads\/2025\/07\/centrum-logo.png 2x\" media=\"(min-width: 992px)\"><source srcset=\"https:\/\/centrumsturovo.sk\/wp-content\/uploads\/2025\/07\/centrum-logo.png 1x, https:\/\/centrumsturovo.sk\/wp-content\/uploads\/2025\/07\/centrum-logo.png 2x\" media=\"(min-width: 768px)\"><img decoding=\"async\" class=\"brz-img\" srcset=\"https:\/\/centrumsturovo.sk\/wp-content\/uploads\/2025\/07\/centrum-logo.png 1x, https:\/\/centrumsturovo.sk\/wp-content\/uploads\/2025\/07\/centrum-logo.png 2x\" src=\"https:\/\/centrumsturovo.sk\/wp-content\/uploads\/2025\/07\/centrum-logo.png\" alt=\"\" title=\"centrum-logo\" draggable=\"false\" loading=\"lazy\"><\/picture><\/div>\n<\/div>\n<\/div>\n<\/div>\n<\/div>\n<\/div>\n<div class=\"brz-row__container brz-css-1s9natv brz-css-1tmiy9b\" data-brz-custom-id=\"rtXeC8Zoho6m\">\n<div class=\"brz-row brz-css-hk26pz brz-css-111cswi brz-css-heqbyh\">\n<div class=\"brz-columns brz-css-tk58m9 brz-css-1fs28tp\" data-brz-custom-id=\"sXWkR1lo6AAv\">\n<div class=\"brz-bg\">\n<div class=\"brz-bg-color\"><\/div>\n<\/div>\n<div class=\"brz-column__items brz-css-jczcil brz-css-155i5lj\">\n<div id=\"\" class=\"brz-css-87pr5g brz-css-zudhz7 brz-wrapper\">\n<div class=\"brz-rich-text brz-rich-text__custom brz-css-1fo6m2d brz-css-4mf2e1\" data-brz-custom-id=\"bA2F80Tgoc73\">\n<div data-brz-translate-text=\"1\">\n<h2 data-uniq-id=\"bJjqV\" data-generated-css=\"brz-css-b7RvR\" class=\"brz-text-lg-center brz-tp-sm-empty brz-fs-sm-40 brz-fss-sm-px brz-fw-sm-400 brz-ls-sm-0 brz-lh-sm-1_3 brz-tp-xs-empty brz-fs-xs-40 brz-fss-xs-px brz-fw-xs-500 brz-ls-xs-0 brz-lh-xs-1_3 brz-ff-montserrat brz-ft-google brz-fs-lg-80 brz-fss-lg-px brz-fw-lg-200 brz-ls-lg-m_1_5 brz-lh-lg-1_3 brz-vfw-lg-400 brz-fwdth-lg-100 brz-fsft-lg-0 brz-tp-lg-heading2 brz-css-oWQuj\"><span class=\"brz-cp-color8\" style=\"color: rgba(var(--brz-global-color8),0.85); text-shadow: rgba(0, 0, 0, 0) 0px 0px 0px;\">UBYTOVANIE V CENTRE MESTA \u0160T\u00daROVO<\/span><\/h2>\n<\/div>\n<\/div>\n<\/div>\n<div id=\"\" class=\"brz-css-87pr5g brz-css-s7kt43 brz-wrapper\">\n<div class=\"brz-rich-text brz-rich-text__custom brz-css-1fo6m2d brz-css-o8gxt1\" data-brz-custom-id=\"goEX8IOaqcMb\">\n<div data-brz-translate-text=\"1\">\n<p class=\"brz-fsft-lg-0 brz-fwdth-lg-100 brz-vfw-lg-400 brz-lh-lg-1_3 brz-ls-lg-4 brz-fw-lg-400 brz-fss-lg-px brz-fs-lg-29 brz-ft-google brz-ff-montserrat brz-tp-lg-empty brz-text-lg-center brz-ls-xs-0 brz-lh-xs-1_3 brz-tp-sm-empty brz-fs-sm-32 brz-fss-sm-px brz-fw-sm-400 brz-ls-sm-0 brz-lh-sm-1_3 brz-tp-xs-empty brz-fs-xs-29 brz-fss-xs-px brz-fw-xs-400 brz-css-x0ocL\" data-uniq-id=\"p5wMd\" data-generated-css=\"brz-css-wzhVG\"><span style=\"color: rgba(var(--brz-global-color6),1); text-shadow: rgba(0, 0, 0, 0.58) 3px 0px 10px;\" class=\"brz-cp-color6\">v pr\u00edjemnom prostred\u00ed<\/span><\/p>\n<\/div>\n<\/div>\n<\/div>\n<\/div>\n<\/div>\n<\/div>\n<\/div>\n<div class=\"brz-row__container brz-css-1s9natv brz-css-5lc0a0\" data-brz-custom-id=\"im59FigDH6S_\">\n<div class=\"brz-row brz-css-hk26pz brz-css-111cswi brz-css-1vhgf3w\">\n<div class=\"brz-columns brz-css-tk58m9 brz-css-1npwm93\" data-brz-custom-id=\"ktazF3EGt2MM\">\n<div class=\"brz-bg\">\n<div class=\"brz-bg-color\"><\/div>\n<\/div>\n<div class=\"brz-column__items brz-css-jczcil brz-css-12vadbp\">\n<div class=\"brz-row__container brz-css-1s9natv brz-css-1wl4429\" data-brz-custom-id=\"gzbIMYQ0k8oR\">\n<div class=\"brz-row brz-row--inner brz-css-hk26pz brz-css-6jagme\">\n<div class=\"brz-columns brz-css-tk58m9 brz-css-987v43\" data-brz-custom-id=\"dCLJ_xsBZFG9\">\n<div class=\"brz-column__items brz-css-jczcil brz-css-1pfg1yo\">\n<div id=\"\" class=\"brz-css-87pr5g brz-css-zqmvwz brz-wrapper\">\n<div class=\"brz-icon-text brz-css-ssgp15 brz-css-1dz593c\" data-brz-custom-id=\"nN8ZNYl36b7s\">\n<div class=\"brz-icon__container\" data-brz-custom-id=\"wNQFPREweMLd\"><span class=\"brz-icon brz-span brz-css-u5lsn4 brz-css-c72ss0\"><svg class=\"brz-icon-svg align-[initial]\"><use href=\"\/wp-content\/plugins\/brizy\/public\/editor-build\/prod\/editor\/icons\/glyph\/circle-down-12.svg#nc_icon\"><\/use><\/svg><\/span><\/div>\n<div class=\"brz-text-btn\">\n<div class=\"brz-rich-text brz-rich-text__custom brz-css-1fo6m2d brz-css-1h65kuq\" data-brz-custom-id=\"adWU2cCNqtKA\">\n<div data-brz-translate-text=\"1\">\n<p class=\"brz-fw-lg-400 brz-fss-lg-px brz-fs-lg-32 brz-ft-google brz-ff-yanone_kaffeesatz brz-tp-lg-empty brz-lh-xs-1_6 brz-ls-xs-0_6 brz-fw-xs-400 brz-fss-xs-px brz-fs-xs-30 brz-tp-xs-empty brz-lh-sm-1_6 brz-ls-sm-0_6 brz-fw-sm-400 brz-fss-sm-px brz-fs-sm-32 brz-tp-sm-empty brz-mb-lg-0 brz-mt-lg-0 brz-lh-lg-1_6 brz-ls-lg-0_6 brz-css-szsyB\" data-uniq-id=\"mqstb\" data-generated-css=\"brz-css-lzdim\"><span class=\"brz-cp-color8\">VYH\u013dADA\u0164 TERM\u00cdN<\/span><\/p>\n<\/div>\n<\/div>\n<\/div>\n<\/div>\n<\/div>\n<\/div>\n<\/div>\n<div class=\"brz-columns brz-css-tk58m9 brz-css-1o092no\" data-brz-custom-id=\"wuiRCrn4Ift0\">\n<div class=\"brz-column__items brz-css-jczcil brz-css-16bje3k\">\n<div id=\"\" class=\"brz-css-87pr5g brz-css-1b9v0h3 brz-wrapper\">\n<div class=\"brz-rich-text brz-rich-text__custom brz-css-1fo6m2d brz-css-1o8za5t\" data-brz-custom-id=\"eVqTKQiloZyY\">\n<div data-brz-translate-text=\"1\">\n<p class=\"brz-tp-lg-empty brz-ff-yanone_kaffeesatz brz-ft-google brz-fs-lg-22 brz-fss-lg-px brz-fw-lg-400 brz-ls-lg-0_4 brz-lh-lg-1_6 brz-fss-xs-px brz-fw-xs-400 brz-ls-xs-0 brz-lh-xs-1_6 brz-tp-xs-empty brz-fs-xs-22 brz-css-rALgK\" data-uniq-id=\"lffbc\" data-generated-css=\"brz-css-jrzih\"><span class=\"brz-cp-color8\">Rezervujte si ubytovanie v centre mesta, a bl\u00edzkosti k\u00fapaliska Vada\u0161, k\u00fasok od hran\u00edc Ma\u010farska.<\/span><\/p>\n<\/div>\n<\/div>\n<\/div>\n<\/div>\n<\/div>\n<\/div>\n<\/div>\n<\/div>\n<p><a class=\"brz-a brz-container-link\" href=\"https:\/\/centrumsturovo.sk\/index.php\/online-rezervacia\/\" target=\"_self\" rel=\"noopener\" data-brz-link-type=\"page\"><\/a><\/div>\n<\/div>\n<\/div>\n<\/div>\n<\/div>\n<\/section>\n<section id=\"4886274e676d8fc750a2_xLGZRIjDltbC\" class=\"brz-section brz-css-1cfso9a brz-css-g05js8\">\n<div class=\"brz-section__content brz-section--boxed brz-css-1vjontn brz-css-1jiyo0w\" data-brz-custom-id=\"qcsI6BeMC1nT\">\n<div class=\"brz-bg\">\n<div class=\"brz-bg-image\"><\/div>\n<div class=\"brz-bg-color\"><\/div>\n<\/div>\n<div class=\"brz-container brz-css-ibo3tv brz-css-129k4bs\">\n<div id=\"\" class=\"brz-css-87pr5g brz-css-r8ygfc brz-wrapper\">\n<div class=\"brz-rich-text brz-rich-text__custom brz-css-1fo6m2d brz-css-1t01jjl\" data-brz-custom-id=\"zQtQoncKXpVn\">\n<div data-brz-translate-text=\"1\">\n<h1 class=\"brz-fw-lg-300 brz-fss-lg-px brz-fs-lg-70 brz-ft-google brz-ff-lato brz-fsft-lg-0 brz-fwdth-lg-100 brz-vfw-lg-400 brz-lh-lg-1_3 brz-ls-lg-m_1_5 brz-fs-xs-40 brz-tp-xs-empty brz-lh-xs-1_4 brz-ls-xs-0 brz-fw-xs-500 brz-fss-xs-px brz-tp-lg-heading1 brz-css-vuU4E\" data-generated-css=\"brz-css-h25KL\" data-uniq-id=\"fsAJ3\"><span class=\"brz-cp-color3\" style=\"background-color: transparent;\">O PENZI\u00d3NE CENTRUM<\/span><\/h1>\n<\/div>\n<\/div>\n<\/div>\n<div class=\"brz-row__container brz-css-1s9natv brz-css-1x9985l\" data-brz-custom-id=\"dfmxjbyaEdb0\">\n<div class=\"brz-row brz-css-hk26pz brz-css-111cswi brz-css-wur88s\">\n<div class=\"brz-columns brz-css-tk58m9 brz-css-9ndwm9\" data-brz-custom-id=\"dDY17dHqJ9KV\">\n<div class=\"brz-column__items brz-css-jczcil brz-css-lt1bgk\">\n<div id=\"\" class=\"brz-css-87pr5g brz-css-15lmfcr brz-wrapper\">\n<div class=\"brz-rich-text brz-rich-text__custom brz-css-1fo6m2d brz-css-ewxxsk\" data-brz-custom-id=\"gr39zykIfziw\">\n<div data-brz-translate-text=\"1\">\n<p class=\"brz-fsft-lg-0 brz-fwdth-lg-100 brz-vfw-lg-400 brz-lh-lg-1_6 brz-ls-lg-0 brz-fw-lg-300 brz-fss-lg-px brz-fs-lg-28 brz-ft-google brz-ff-yanone_kaffeesatz brz-tp-lg-empty brz-lh-sm-1_5 brz-ls-sm-0 brz-fw-sm-400 brz-fss-sm-px brz-fs-sm-20 brz-tp-sm-empty brz-text-lg-justify brz-css-ux_hi\" data-generated-css=\"brz-css-r1yUY\" data-uniq-id=\"wAZij\"><span class=\"brz-cp-color2\" style=\"opacity: 0.7;\">Apartm\u00e1ny Centrum s\u00fa situovan\u00e9 v centre mesta \u0160t\u00farovo, v tesnej bl\u00edzkosti pe\u0161ej z\u00f3ny <\/span><span class=\"brz-cp-color2\" style=\"opacity: 0.7; color: rgb(56, 41, 30);\">(50m)<\/span><span class=\"brz-cp-color2\" style=\"opacity: 0.7;\"> a autobusovej stanice (50m), term\u00e1lneho k\u00fapaliska Vada\u0161 (250m). Komfortn\u00e9 ubytovanie m\u00e1 9 ubytovac\u00edch jednotiek, 1 apartm\u00e1n, 6 x \u0161t\u00fadioapartm\u00e1n a 1 \u0161t\u00fadio, v\u0161etky s nad\u0161tandardn\u00fdm vybaven\u00edm. Cel\u00fd objekt je chr\u00e1nen\u00fd kamerov\u00fdm syst\u00e9mom, alarmom a taktie\u017e sn\u00edma\u010dmi a senzormi eviduj\u00facimi dym a ohe\u0148.<\/span><\/p>\n<p class=\"brz-fs-sm-20 brz-tp-sm-empty brz-lh-sm-1_5 brz-ls-sm-0 brz-fw-sm-400 brz-fss-sm-px brz-lh-lg-1_6 brz-ls-lg-0 brz-fss-lg-px brz-ft-google brz-ff-yanone_kaffeesatz brz-tp-lg-empty brz-text-lg-justify brz-fw-lg-300 brz-fs-lg-28 brz-fsft-lg-0 brz-fwdth-lg-100 brz-vfw-lg-400 brz-css-t0fOB\" data-generated-css=\"brz-css-birDF\" data-uniq-id=\"mtrHg\"><span class=\"brz-cp-color2\" style=\"opacity: 0.7;\">Parkovanie bezplatne vo dvore pri penzi\u00f3ne v centre mesta. <\/span><strong class=\"brz-cp-color2\" style=\"opacity: 0.7;\">Vchod na parkovisko z jednosmernej ulice Hasi\u010dsk\u00e1 vi\u010f na mape Google &#8211; Elitepenzion Parking. <\/strong><\/p>\n<\/div>\n<\/div>\n<\/div>\n<div id=\"\" class=\"brz-css-87pr5g brz-css-1s8wifs brz-wrapper\">\n<div class=\"brz-rich-text brz-rich-text__custom brz-css-1fo6m2d brz-css-4od1mr\" data-brz-custom-id=\"xjJx98lUvbjS\">\n<div data-brz-translate-text=\"1\">\n<p class=\"brz-fss-lg-px brz-fw-lg-400 brz-ls-lg-0 brz-lh-lg-1_6 brz-vfw-lg-400 brz-fwdth-lg-100 brz-fsft-lg-0 brz-tp-lg-empty brz-ff-yanone_kaffeesatz brz-ft-google brz-fs-lg-25 brz-css-vIxoW\" data-generated-css=\"brz-css-jMPfo\" data-uniq-id=\"x0OIF\"><span class=\"brz-cp-color3\">V ubytovacom zariaden\u00ed je zak\u00e1zan\u00e9 vodenie dom\u00e1cich zvierat, za porozumenie \u010fakujeme!<\/span><\/p>\n<\/div>\n<\/div>\n<\/div>\n<div id=\"\" class=\"brz-css-87pr5g brz-css-lpps8o brz-wrapper\">\n<div class=\"brz-line brz-line-default brz-css-18gi7hr brz-css-hl85l4\" data-brz-custom-id=\"gyuT10uKw2j1\">\n<hr class=\"brz-hr\"><\/div>\n<\/div>\n<\/div>\n<\/div>\n<\/div>\n<\/div>\n<div class=\"brz-row__container brz-css-1s9natv brz-css-1n3o976\" data-brz-custom-id=\"dmlQzcuX72S6\">\n<div class=\"brz-row brz-css-hk26pz brz-css-1yjngut\">\n<div class=\"brz-columns brz-css-tk58m9 brz-css-n13bfo\" data-brz-custom-id=\"oaSl5PKM2H5X\">\n<div class=\"brz-column__items brz-css-jczcil brz-css-qrp85i\">\n<div id=\"\" class=\"brz-css-87pr5g brz-css-5poxms brz-wrapper\">\n<div class=\"brz-icon-text brz-css-ssgp15 brz-css-1q8zaa4\" data-brz-custom-id=\"doaCQyWSBtyI\">\n<div class=\"brz-icon__container\" data-brz-custom-id=\"k1Inis436nK9\"><span class=\"brz-icon brz-span brz-css-u5lsn4 brz-css-154bcaf\"><svg class=\"brz-icon-svg align-[initial]\"><use href=\"\/wp-content\/plugins\/brizy\/public\/editor-build\/prod\/editor\/icons\/glyph\/user-run.svg#nc_icon\"><\/use><\/svg><\/span><\/div>\n<div class=\"brz-text-btn\">\n<div class=\"brz-rich-text brz-rich-text__custom brz-css-1fo6m2d brz-css-154fzy\" data-brz-custom-id=\"uuoQffrjNznR\">\n<div data-brz-translate-text=\"1\">\n<p class=\"brz-bcp-color7 brz-mt-lg-10 brz-tp-lg-empty brz-ff-yanone_kaffeesatz brz-ft-google brz-fs-lg-23 brz-fss-lg-px brz-fw-lg-400 brz-ls-lg-0 brz-lh-lg-1_6 brz-fss-xs-px brz-fw-xs-400 brz-ls-xs-0 brz-lh-xs-1_6 brz-tp-xs-empty brz-fs-xs-22 brz-css-tJAHT\" data-uniq-id=\"jzyvk\" data-generated-css=\"brz-css-xvdpl\"><strong class=\"brz-cp-color2\" style=\"opacity: 0.68;\">Pre na\u0161\u00edch host\u00ed bezplatn\u00fd vstup do najmodernej\u0161ieho fitness centra<\/strong><span class=\"brz-cp-color2\" style=\"opacity: 0.68;\"> v \u0160t\u00farove (900m)<\/span><\/p>\n<p class=\"brz-bcp-color7 brz-mt-lg-10 brz-fss-xs-px brz-fw-xs-400 brz-ls-xs-0 brz-lh-xs-1_6 brz-tp-xs-empty brz-fs-xs-22 brz-tp-lg-empty brz-ff-yanone_kaffeesatz brz-ft-google brz-fs-lg-23 brz-fss-lg-px brz-fw-lg-400 brz-ls-lg-0 brz-lh-lg-1 brz-css-npoGE\" data-uniq-id=\"jzyvk\" data-generated-css=\"brz-css-xvdpl\"><span class=\"brz-cp-color2\" style=\"opacity: 0.68;\">(Nutn\u00e9 si vzia\u0165 sebou prez\u00favky a uter\u00e1k. Uter\u00e1k sa d\u00e1 po\u017ei\u010da\u0165 vo fitness centre za poplatok)<\/span><\/p>\n<\/div>\n<\/div>\n<\/div>\n<\/div>\n<\/div>\n<\/div>\n<\/div>\n<div class=\"brz-columns brz-css-tk58m9 brz-css-rw5yrm\" data-brz-custom-id=\"nDS4fSVUgzDq\">\n<div class=\"brz-column__items brz-css-jczcil brz-css-1uho3bb\">\n<div class=\"brz-wrapper-clone brz-flex-xs-wrap brz-css-1d5kv8h brz-css-19wp9ii\" data-brz-custom-id=\"rpyV9MDPaqx1\"><a class=\"brz-a brz-btn brz-css-1vqg298 brz-css-1ht4pfy brz-css-xlw0ye brz-css-84l3rm\" href=\"\" target=\"_self\" rel=\"noopener\" data-brz-link-type=\"external\" data-brz-custom-id=\"pil2iIwqIevu\"><svg class=\"brz-icon-svg align-[initial] brz-css-1wo7get brz-css-zi4gej\"><use href=\"\/wp-content\/plugins\/brizy\/public\/editor-build\/prod\/editor\/icons\/glyph\/dumbbells.svg#nc_icon\"><\/use><\/svg><span data-brz-translate-text=\"1\" class=\"brz-span brz-text__editor\">FITHAUS.SK<\/span><\/a><\/div>\n<\/div>\n<\/div>\n<\/div>\n<\/div>\n<\/div>\n<\/div>\n<\/section>\n<section id=\"9e1b409a9f9f2575d8d9_dU4W06msC2pH\" class=\"brz-section brz-css-1cfso9a brz-css-1r7qohm\">\n<div class=\"brz-section__content brz-section--boxed brz-css-1vjontn brz-css-33osu\" data-brz-custom-id=\"pzeR_3oPH2XM\">\n<div class=\"brz-bg\">\n<div class=\"brz-bg-image\"><\/div>\n<div class=\"brz-bg-color\"><\/div>\n<\/div>\n<div class=\"brz-container brz-css-ibo3tv brz-css-1ogmofr\">\n<div class=\"brz-row__container brz-css-1s9natv brz-css-5s3iyz\" data-brz-custom-id=\"xTPaQUTbtXNh\">\n<div class=\"brz-row brz-css-hk26pz brz-css-111cswi brz-css-eowxkk\">\n<div class=\"brz-columns brz-css-tk58m9 brz-css-197ana4\" data-brz-custom-id=\"uWn2hBtZykru\">\n<div class=\"brz-column__items brz-css-jczcil brz-css-1qmiy2i\">\n<div id=\"\" class=\"brz-css-87pr5g brz-css-602nue brz-wrapper\">\n<div class=\"brz-image brz-css-1kci5tz brz-css-nchyvn\" data-brz-custom-id=\"toMuSN9Z8ahS\"><picture class=\"brz-picture brz-d-block brz-p-relative brz-css-1lfm95v brz-css-1qr3am6\"><source srcset=\"https:\/\/centrumsturovo.sk\/wp-content\/uploads\/brizy\/39\/assets\/images\/most-marie-valerie_malebne-prostredie.jpg 1x, https:\/\/centrumsturovo.sk\/wp-content\/uploads\/brizy\/39\/assets\/images\/most-marie-valerie_malebne-prostredie.jpg 2x\" media=\"(min-width: 992px)\"><source srcset=\"https:\/\/centrumsturovo.sk\/wp-content\/uploads\/brizy\/39\/assets\/images\/most-marie-valerie_malebne-prostredie.jpg 1x, https:\/\/centrumsturovo.sk\/wp-content\/uploads\/brizy\/39\/assets\/images\/most-marie-valerie_malebne-prostredie.jpg 2x\" media=\"(min-width: 768px)\"><img decoding=\"async\" class=\"brz-img\" srcset=\"https:\/\/centrumsturovo.sk\/wp-content\/uploads\/brizy\/39\/assets\/images\/most-marie-valerie_malebne-prostredie.jpg 1x, https:\/\/centrumsturovo.sk\/wp-content\/uploads\/brizy\/39\/assets\/images\/most-marie-valerie_malebne-prostredie.jpg 2x\" src=\"https:\/\/centrumsturovo.sk\/wp-content\/uploads\/brizy\/39\/assets\/images\/most-marie-valerie_malebne-prostredie.jpg\" alt=\"\" title=\"Attached image file\" draggable=\"false\" loading=\"lazy\"><\/picture><\/div>\n<\/div>\n<div id=\"\" class=\"brz-css-87pr5g brz-css-mnq6im brz-wrapper\">\n<div class=\"brz-rich-text brz-rich-text__custom brz-css-1fo6m2d brz-css-kcs9vj\" data-brz-custom-id=\"wborUR_c7int\">\n<div data-brz-translate-text=\"1\">\n<h4 class=\"brz-text-lg-center brz-tp-lg-empty brz-ff-cinzel brz-ft-google brz-fs-lg-21 brz-fss-lg-px brz-fw-lg-500 brz-ls-lg-0 brz-lh-lg-1 brz-tp-sm-empty brz-fs-sm-19 brz-fss-sm-px brz-fw-sm-500 brz-ls-sm-0 brz-lh-sm-1_3 brz-css-xThCE\" data-generated-css=\"brz-css-zRatj\" data-uniq-id=\"ini46\"><span style=\"color: rgba(var(--brz-global-color6),1);\" class=\"brz-cp-color6\">POBYT V MALEBNOM PROSTRED\u00cd<\/span><\/h4>\n<\/div>\n<\/div>\n<\/div>\n<div id=\"\" class=\"brz-css-87pr5g brz-css-l0hmqt brz-wrapper\">\n<div class=\"brz-line brz-line-default brz-css-18gi7hr brz-css-1gqxa5d\" data-brz-custom-id=\"wfZ45ToPlqXi\">\n<hr class=\"brz-hr\"><\/div>\n<\/div>\n<div id=\"\" class=\"brz-css-87pr5g brz-css-72w0o1 brz-wrapper\">\n<div class=\"brz-rich-text brz-rich-text__custom brz-css-1fo6m2d brz-css-1wk0nyk\" data-brz-custom-id=\"uYdmhkM_deMP\">\n<div data-brz-translate-text=\"1\">\n<p class=\"brz-tp-lg-empty brz-ff-yanone_kaffeesatz brz-ft-google brz-fs-lg-23 brz-fss-lg-px brz-fw-lg-300 brz-ls-lg-0 brz-lh-lg-1_5 brz-text-lg-left brz-fss-sm-px brz-fw-sm-300 brz-ls-sm-0 brz-lh-sm-1_5 brz-tp-sm-empty brz-fs-sm-18 brz-css-pmB9x\" data-generated-css=\"brz-css-wJkby\" data-uniq-id=\"aODMj\"><span style=\"color: rgba(var(--brz-global-color6),1);\" class=\"brz-cp-color6\">Doprajte si v\u00fdlet do \u0160t\u00farova s pobytom na \u00farovni v penzi\u00f3ne Elite. Kvalitn\u00e9 vybavenie izieb, pr\u00edjemn\u00fd person\u00e1l, parkovanie pri vchode\u2026<\/span><\/p>\n<\/div>\n<\/div>\n<\/div>\n<\/div>\n<\/div>\n<div class=\"brz-columns brz-css-tk58m9 brz-css-1v7mo3b\" data-brz-custom-id=\"ivd6sMoyUFP2\">\n<div class=\"brz-column__items brz-css-jczcil brz-css-1487dyu\">\n<div id=\"\" class=\"brz-css-87pr5g brz-css-1cbrrev brz-wrapper\">\n<div class=\"brz-image brz-css-171pv0l brz-css-timrt8\" data-brz-custom-id=\"kt10BuUj07ZZ\"><picture class=\"brz-picture brz-d-block brz-p-relative brz-css-ycmwwn brz-css-1c00y37\"><source srcset=\"https:\/\/centrumsturovo.sk\/wp-content\/uploads\/brizy\/39\/assets\/images\/elite-sturovo_rekreacia.jpg 1x, https:\/\/centrumsturovo.sk\/wp-content\/uploads\/brizy\/39\/assets\/images\/elite-sturovo_rekreacia.jpg 2x\" media=\"(min-width: 992px)\"><source srcset=\"https:\/\/centrumsturovo.sk\/wp-content\/uploads\/brizy\/39\/assets\/images\/elite-sturovo_rekreacia.jpg 1x, https:\/\/centrumsturovo.sk\/wp-content\/uploads\/brizy\/39\/assets\/images\/elite-sturovo_rekreacia.jpg 2x\" media=\"(min-width: 768px)\"><img decoding=\"async\" class=\"brz-img\" srcset=\"https:\/\/centrumsturovo.sk\/wp-content\/uploads\/brizy\/39\/assets\/images\/elite-sturovo_rekreacia.jpg 1x, https:\/\/centrumsturovo.sk\/wp-content\/uploads\/brizy\/39\/assets\/images\/elite-sturovo_rekreacia.jpg 2x\" src=\"https:\/\/centrumsturovo.sk\/wp-content\/uploads\/brizy\/39\/assets\/images\/elite-sturovo_rekreacia.jpg\" alt=\"\" title=\"Attached image file\" draggable=\"false\" loading=\"lazy\"><\/picture><\/div>\n<\/div>\n<div id=\"\" class=\"brz-css-87pr5g brz-css-70rhwz brz-wrapper\">\n<div class=\"brz-rich-text brz-rich-text__custom brz-css-1fo6m2d brz-css-1pcbws9\" data-brz-custom-id=\"clugCJXDDFwd\">\n<div data-brz-translate-text=\"1\">\n<h4 class=\"brz-lh-sm-1_3 brz-ls-sm-0 brz-fw-sm-500 brz-fss-sm-px brz-fs-sm-19 brz-tp-sm-empty brz-lh-lg-1 brz-ls-lg-0 brz-fw-lg-500 brz-fss-lg-px brz-fs-lg-21 brz-ft-google brz-ff-cinzel brz-tp-lg-empty brz-text-lg-center brz-css-qGe9t\" data-uniq-id=\"k7JXi\" data-generated-css=\"brz-css-hH28V\"><span style=\"color: rgba(var(--brz-global-color6),1);\" class=\"brz-cp-color6\">TK VADA\u0160, PLN\u00c9 Z\u00c1BAVY<\/span><\/h4>\n<\/div>\n<\/div>\n<\/div>\n<div id=\"\" class=\"brz-css-87pr5g brz-css-1n94xev brz-wrapper\">\n<div class=\"brz-line brz-line-default brz-css-18gi7hr brz-css-if835m\" data-brz-custom-id=\"q4g_65jSrOFz\">\n<hr class=\"brz-hr\"><\/div>\n<\/div>\n<div id=\"\" class=\"brz-css-87pr5g brz-css-1v65ua1 brz-wrapper\">\n<div class=\"brz-rich-text brz-rich-text__custom brz-css-1fo6m2d brz-css-1h58hap\" data-brz-custom-id=\"koUrBaiS7OA1\">\n<div data-brz-translate-text=\"1\">\n<p class=\"brz-fs-sm-18 brz-tp-sm-empty brz-lh-sm-1_5 brz-ls-sm-0 brz-fw-sm-300 brz-fss-sm-px brz-text-lg-left brz-lh-lg-1_5 brz-ls-lg-0 brz-fw-lg-300 brz-fss-lg-px brz-fs-lg-23 brz-ft-google brz-ff-yanone_kaffeesatz brz-tp-lg-empty brz-css-r8AfG\" data-uniq-id=\"prgV0\" data-generated-css=\"brz-css-uxBuc\"><span style=\"color: rgba(var(--brz-global-color6),1);\" class=\"brz-cp-color6\">Rekrea\u010dn\u00e9 baz\u00e9ny, vodn\u00e9 atrakcie a kvalitn\u00fd rodinn\u00fd program vo Vada\u0161i, v jednom z najv\u00e4\u010d\u0161\u00edch k\u00fapal\u00edsk na Slovensku. To v\u0161etko iba 3 min\u00faty pe\u0161o od penzi\u00f3nu Elite v srdci \u0160t\u00farova.<\/span><\/p>\n<\/div>\n<\/div>\n<\/div>\n<\/div>\n<\/div>\n<div class=\"brz-columns brz-css-tk58m9 brz-css-12aseyk\" data-brz-custom-id=\"ggp5hxVgNUap\">\n<div class=\"brz-column__items brz-css-jczcil brz-css-1lad0es\">\n<div id=\"\" class=\"brz-css-87pr5g brz-css-1lhh6qt brz-wrapper\">\n<div class=\"brz-image brz-css-xdop9n brz-css-nrltxr\" data-brz-custom-id=\"fszQfE6fC8a6\"><picture class=\"brz-picture brz-d-block brz-p-relative brz-css-r0rxmr brz-css-1votphw\"><source srcset=\"https:\/\/centrumsturovo.sk\/wp-content\/uploads\/brizy\/39\/assets\/images\/Ostrihomska-bazilika_Historia_kultura.jpg 1x, https:\/\/centrumsturovo.sk\/wp-content\/uploads\/brizy\/39\/assets\/images\/Ostrihomska-bazilika_Historia_kultura.jpg 2x\" media=\"(min-width: 992px)\"><source srcset=\"https:\/\/centrumsturovo.sk\/wp-content\/uploads\/brizy\/39\/assets\/images\/Ostrihomska-bazilika_Historia_kultura.jpg 1x, https:\/\/centrumsturovo.sk\/wp-content\/uploads\/brizy\/39\/assets\/images\/Ostrihomska-bazilika_Historia_kultura.jpg 2x\" media=\"(min-width: 768px)\"><img decoding=\"async\" class=\"brz-img\" srcset=\"https:\/\/centrumsturovo.sk\/wp-content\/uploads\/brizy\/39\/assets\/images\/Ostrihomska-bazilika_Historia_kultura.jpg 1x, https:\/\/centrumsturovo.sk\/wp-content\/uploads\/brizy\/39\/assets\/images\/Ostrihomska-bazilika_Historia_kultura.jpg 2x\" src=\"https:\/\/centrumsturovo.sk\/wp-content\/uploads\/brizy\/39\/assets\/images\/Ostrihomska-bazilika_Historia_kultura.jpg\" alt=\"\" title=\"Attached image file\" draggable=\"false\" loading=\"lazy\"><\/picture><\/div>\n<\/div>\n<div id=\"\" class=\"brz-css-87pr5g brz-css-1hlaow8 brz-wrapper\">\n<div class=\"brz-rich-text brz-rich-text__custom brz-css-1fo6m2d brz-css-rvemuo\" data-brz-custom-id=\"u6zVD6TTPunn\">\n<div data-brz-translate-text=\"1\">\n<h4 class=\"brz-lh-sm-1_3 brz-ls-sm-0 brz-fw-sm-500 brz-fss-sm-px brz-fs-sm-19 brz-tp-sm-empty brz-lh-lg-1 brz-ls-lg-0 brz-fw-lg-500 brz-fss-lg-px brz-fs-lg-21 brz-ft-google brz-ff-cinzel brz-tp-lg-empty brz-text-lg-center brz-css-ofWqN\" data-uniq-id=\"zTTCo\" data-generated-css=\"brz-css-gaft1\"><span style=\"color: rgba(var(--brz-global-color6),1);\" class=\"brz-cp-color6\">HIST\u00d3RIA OKOLIA<\/span><\/h4>\n<\/div>\n<\/div>\n<\/div>\n<div id=\"\" class=\"brz-css-87pr5g brz-css-llw7j8 brz-wrapper\">\n<div class=\"brz-line brz-line-default brz-css-18gi7hr brz-css-qh5ncq\" data-brz-custom-id=\"zXrxLgfAMqaV\">\n<hr class=\"brz-hr\"><\/div>\n<\/div>\n<div id=\"\" class=\"brz-css-87pr5g brz-css-p4yh7h brz-wrapper\">\n<div class=\"brz-rich-text brz-rich-text__custom brz-css-1fo6m2d brz-css-1ued9k\" data-brz-custom-id=\"rp0PB3ztKRur\">\n<div data-brz-translate-text=\"1\">\n<p class=\"brz-fs-sm-18 brz-tp-sm-empty brz-lh-sm-1_5 brz-ls-sm-0 brz-fw-sm-300 brz-fss-sm-px brz-text-lg-left brz-lh-lg-1_5 brz-ls-lg-0 brz-fw-lg-300 brz-fss-lg-px brz-fs-lg-23 brz-ft-google brz-ff-yanone_kaffeesatz brz-tp-lg-empty brz-css-nwMI4\" data-uniq-id=\"x3eX8\" data-generated-css=\"brz-css-wEnwf\"><span style=\"color: rgba(var(--brz-global-color6),1);\" class=\"brz-cp-color6\">Historick\u00e9 pamiatky a prekr\u00e1sna architekt\u00fara najstar\u0161ieho ma\u010farsk\u00e9ho mesta. Spojte relax a z\u00e1bavu s fakultat\u00edvnym z\u00e1jazdom.<\/span><\/p>\n<\/div>\n<\/div>\n<\/div>\n<\/div>\n<\/div>\n<\/div>\n<\/div>\n<\/div>\n<\/div>\n<\/section>\n<\/div>\n<p>    <!-- version:1757684470 --><\/p>\n","protected":false},"excerpt":{"rendered":"<p>UBYTOVANIE V CENTRE MESTA \u0160T\u00daROVO v pr\u00edjemnom prostred\u00ed VYH\u013dADA\u0164 TERM\u00cdN Rezervujte si ubytovanie v centre mesta, a bl\u00edzkosti k\u00fapaliska Vada\u0161, k\u00fasok od hran\u00edc Ma\u010farska. O PENZI\u00d3NE CENTRUM Apartm\u00e1ny Centrum s\u00fa situovan\u00e9 v centre mesta \u0160t\u00farovo, v tesnej bl\u00edzkosti pe\u0161ej z\u00f3ny (50m) a autobusovej stanice (50m), term\u00e1lneho k\u00fapaliska Vada\u0161 (250m). Komfortn\u00e9 ubytovanie m\u00e1 9 ubytovac\u00edch jednotiek, [&hellip;]<\/p>\n","protected":false},"author":1,"featured_media":0,"parent":0,"menu_order":0,"comment_status":"closed","ping_status":"closed","template":"brizy-blank-template.php","meta":{"footnotes":""},"class_list":["post-2","page","type-page","status-publish","hentry"],"aioseo_notices":[],"_links":{"self":[{"href":"https:\/\/centrumsturovo.sk\/index.php\/wp-json\/wp\/v2\/pages\/2","targetHints":{"allow":["GET"]}}],"collection":[{"href":"https:\/\/centrumsturovo.sk\/index.php\/wp-json\/wp\/v2\/pages"}],"about":[{"href":"https:\/\/centrumsturovo.sk\/index.php\/wp-json\/wp\/v2\/types\/page"}],"author":[{"embeddable":true,"href":"https:\/\/centrumsturovo.sk\/index.php\/wp-json\/wp\/v2\/users\/1"}],"replies":[{"embeddable":true,"href":"https:\/\/centrumsturovo.sk\/index.php\/wp-json\/wp\/v2\/comments?post=2"}],"version-history":[{"count":27,"href":"https:\/\/centrumsturovo.sk\/index.php\/wp-json\/wp\/v2\/pages\/2\/revisions"}],"predecessor-version":[{"id":453,"href":"https:\/\/centrumsturovo.sk\/index.php\/wp-json\/wp\/v2\/pages\/2\/revisions\/453"}],"wp:attachment":[{"href":"https:\/\/centrumsturovo.sk\/index.php\/wp-json\/wp\/v2\/media?parent=2"}],"curies":[{"name":"wp","href":"https:\/\/api.w.org\/{rel}","templated":true}]}}